 40227648?
True
Is 169281 a multiple of 9?
True
Is 1500336 a multiple of 23?
True
Is 24 a factor of 151174?
False
Is 64680 a multiple of 110?
True
Is 896 a factor of 1835904?
True
Is 451 a factor of 13981?
True
Does 505 divide 327170?
False
Is 29 a factor of 1193958?
False
Is 29012 a multiple of 118?
False
Is 2940509 a multiple of 11?
True
Is 273 a factor of 232050?
True
Does 20 divide 351440?
True
Is 190 a factor of 635807?
False
Is 76280 a multiple of 17?
False
Is 11520 a multiple of 141?
False
Is 16 a factor of 280768?
True
Is 36 a factor of 90260?
False
Is 631 a factor of 827872?
True
Is 2679649 a multiple of 1543?
False
Is 1559883 a multiple of 1739?
True
Does 227 divide 1571067?
True
Does 213 divide 683730?
True
Does 175 divide 251825?
True
Does 22 divide 1565256?
True
Is 4066346 a multiple of 362?
True
Is 1304 a factor of 1468304?
True
Is 2041899 a multiple of 106?
False
Does 236 divide 4527053?
False
Is 11793221 a multiple of 11?
True
Is 24 a factor of 792460?
False
Does 69 divide 73545?
False
Does 538 divide 190987?
False
Is 340844 a multiple of 14?
True
Is 49588 a multiple of 253?
True
Is 24 a factor of 304944?
True
Does 430 divide 858280?
True
Is 107 a factor of 20414?
False
Is 10873474 a multiple of 687?
False
Does 178 divide 1590543?
False
Does 10 divide 3386000?
True
Is 1529360 a multiple of 14?
True
Does 35 divide 150328?
False
Does 90 divide 4900590?
True
Is 32 a factor of 4623132?
False
Is 18 a factor of 71208?
True
Does 255 divide 3594306?
False
Is 226 a factor of 750998?
True
Is 989 a factor of 4429731?
True
Is 293 a factor of 37498?
False
Is 174852 a multiple of 108?
True
Does 27 divide 17129079?
False
Does 376 divide 496529?
False
Does 304 divide 955776?
True
Is 92 a factor of 26592?
False
Is 798510 a multiple of 430?
True
Does 619 divide 306900?
False
Does 82 divide 76076?
False
Is 10952480 a multiple of 12?
False
Is 559812 a multiple of 12?
True
Does 98 divide 48146?
False
Is 15 a factor of 684525?
True
Is 552 a factor of 1377269?
False
Is 103 a factor of 217639?
True
Is 43 a factor of 386212?
False
Is 37 a factor of 1030947?
False
Does 22 divide 27632?
True
Is 111 a factor of 692418?
True
Is 7 a factor of 2061815?
True
Is 75010 a multiple of 149?
False
Is 15 a factor of 265556?
False
Does 17 divide 768293?
False
Is 16 a factor of 126165?
False
Does 670 divide 7187760?
True
Is 312 a factor of 34008?
True
Is 964837 a multiple of 133?
False
Is 3657506 a multiple of 1058?
True
Is 22194 even?
True
Is 36 a factor of 239802?
False
Is 38 a factor of 1502841?
False
Is 21 a factor of 8223411?
True
Is 1671540 a multiple of 78?
True
Does 17 divide 880396?
True
Does 19 divide 36309?
True
Does 30 divide 231108?
False
Does 72 divide 597413?
False
Is 9532396 a multiple of 24?
False
Does 75 divide 395320?
False
Is 15 a factor of 20419?
False
Does 5 divide 23135?
True
Is 9 a factor of 2736?
True
Is 121629 a multiple of 49?
False
Is 1807 a factor of 5825666?
False
Is 4 a factor of 759995?
False
Is 459644 even?
True
Does 4 divide 119722?
False
Is 1318351 a multiple of 10?
False
Is 799937 a multiple of 90?
False
Does 100 divide 418900?
True
Does 313 divide 1692815?
False
Does 190 divide 2198604?
False
Does 42 divide 91724?
False
Is 7 a factor of 11503308?
False
Is 47614 a multiple of 7?
True
Does 283 divide 3713526?
True
Is 35340 a multiple of 228?
True
Is 114 a factor of 530556?
True
Does 8 divide 79208?
True
Is 35152 a multiple of 52?
True
Is 575546 a multiple of 14?
False
Is 5 a factor of 222767?
False
Does 10 divide 2651840?
True
Is 174 a factor of 19883154?
True
Is 91 a factor of 821?
False
Is 222522 even?
True
Is 158 a factor of 1390449?
False
Is 556009 a multiple of 99?
False
Is 509 a factor of 95692?
True
Is 291 a factor of 540938?
False
Is 416494 a multiple of 83?
True
Does 58 divide 74297?
False
Is 379 a factor of 5928689?
False
Is 48 a factor of 286795?
False
Does 114 divide 5729463?
False
Is 55 a factor of 184428?
False
Is 185820 a multiple of 15?
True
Does 24 divide 184365?
False
Is 289 a factor of 542407?
False
Is 729751 a multiple of 41?
False
Is 12 a factor of 3529804?
False
Is 535400 a multiple of 25?
True
Is 1494 a factor of 7045644?
False
Does 21 divide 2181480?
True
Is 68 a factor of 124543?
False
Is 211 a factor of 157617?
True
Is 27 a factor of 580884?
False
Is 11487 a multiple of 3?
True
Is 121 a factor of 372598?
False
Does 29 divide 171593?
True
Does 12 divide 6340836?
True
Does 6 divide 2227188?
True
Is 655 a factor of 410685?
True
Is 34 a factor of 312190?
False
Is 14 a factor of 174257?
False
Is 55 a factor of 698885?
True
Does 126 divide 599508?
True
Does 68 divide 2737984?
False
Is 42 a factor of 155690?
False
Does 5 divide 54365?
True
Does 590 divide 3318750?
True
Is 43100 a multiple of 9?
False
Is 1636682 a multiple of 26?
False
Is 48305 a multiple of 29?
False
Does 4 divide 208813?
False
Is 290 a factor of 939600?
True
Is 1940283 a multiple of 50?
False
Is 235 a factor of 1011338?
False
Does 20 divide 263660?
True
Does 217 divide 4437540?
False
Does 1614 divide 8150700?
True
Is 2 a factor of 99892?
True
Is 880327 a multiple of 133?
True
Is 27 a factor of 126144?
True
Does 162 divide 955638?
True
Is 5 a factor of 2430187?
False
Does 13 divide 1646203?
True
Does 174 divide 951084?
True
Does 13 divide 731146?
True
Is 44860 a multiple of 23?
False
Is 607826 a multiple of 2?
True
Is 6 a factor of 349262?
False
Is 32 a factor of 97429?
False
Is 15 a factor of 493230?
True
Does 143 divide 491506?
False
Does 5 divide 151245?
True
Does 15 divide 44594?
False
Is 12125899 a multiple of 47?
False
Does 17 divide 5830462?
False
Is 4388526 a multiple of 543?
True
Is 1541628 a multiple of 1374?
True
Is 126 a factor of 6118613?
False
Is 32 a factor of 48089?
False
Is 3 a factor of 773?
False
Does 9 divide 289656?
True
Is 499671 a multiple of 147?
False
Is 10582 a multiple of 74?
True
Is 2341601 a multiple of 269?
False
Does 56 divide 4100032?
False
Is 645 a factor of 3890640?
True
Is 7 a factor of 20782?
False
Is 22 a factor of 879561?
False
Is 575526 a multiple of 14?
True
Is 21 a factor of 67893?
True
Does 9 divide 3871530?
True
Does 772 divide 4265300?
True
Is 138 a factor of 561039?
False
Is 8 a factor of 158748?
False
Does 90 divide 1345145?
False
Is 4001166 a multiple of 18?
True
Does 21 divide 6433434?
True
Is 118 a factor of 171336?
True
Does 12 divide 39621?
False
Does 298 divide 8370952?
False
Does 70 divide 109480?
True
Is 242744 a multiple of 164?
False
Is 551148 a multiple of 45?
False
Is 683624 a multiple of 147?
False
Is 7 a factor of 310982?
True
Is 703 a factor of 3484771?
True
Is 456 a factor of 888408?
False
Does 1334 divide 13192259?
False
Is 20 a factor of 3617140?
True
Is 4868037 a multiple of 9?
True
Does 434 divide 257362?
True
Does 828 divide 868705?
False
Does 641 divide 10325869?
True
Is 78517 a multiple of 2?
False
Is 17 a factor of 71797?
False
Does 57 divide 180348?
True
Is 148 a factor of 2358967?
False
Does 55 divide 181775?
True
Is 1233551 a multiple of 9?
False
Does 254 divide 85370?
False
Is 108184 a multiple of 8?
True
Does 11 divide 338888?
True
Is 2189528 a multiple of 11?
True
Does 10 divide 7008900?
True
Is 101475 a multiple of 225?
True
Does 23 divide 383870?
True
Is 2 a factor of 131401?
False
Is 15514241 a multiple of 275?
False
Is 2170084 a multiple of 679?
True
Does 458 divide 1846656?
True
Is 328 a factor of 2626296?
True
Does 57 divide 1018433?
False
Is 265 a factor of 219155?
True
Is 5463840 a multiple of 16?
True
Is 6877723 a multiple of 282?
False
Does 545 divide 45235?
True
Is 3377938 a multiple of 1365?
False
Is 511118 a multiple of 28?
False
Does 435 divide 219251?
False
Is 45 a factor of 397161?
False
Is 156200 a multiple of 11?
True
Is 5832928 a multiple of 16?
True
Is 262 a factor of 13659108?
True
Does 3 divide 1642?
False
Does 143 divide 18113667?
True
Does 142 divide 484345?
False
Is 1159 a factor of 2946178?
True
Is 703888 a multiple of 74?
True
Does 121 divide 2768117?
True
Is 22527912 a multiple of 12?
True
Does 6 divide 82902?
True
Is 5 a factor of 91790?
True
Does 66 divide 1833193?
False
Does 26 divide 2225808?
True
Does 40 divide 3189120?
True
Is 1115205 a multiple of 13?
True
Is 24 a factor of 7896?
True
Is 397 a factor of 679595?
False
Does 6 divide 832